{"id":46,"date":"2019-06-16T16:48:35","date_gmt":"2019-06-16T16:48:35","guid":{"rendered":"http:\/\/rybolovsudomer.cz\/?page_id=46"},"modified":"2024-07-24T19:29:16","modified_gmt":"2024-07-24T18:29:16","slug":"rybarsky-rad","status":"publish","type":"page","link":"https:\/\/rybolovsudomer.cz\/?page_id=46","title":{"rendered":"Ryb\u00e1\u0159sk\u00fd \u0159\u00e1d\/cen\u00edk"},"content":{"rendered":"\n<h1 class=\"wp-block-heading\">k provozov\u00e1n\u00ed sportovn\u00edho rybolovu na VD Sudom\u011b\u0159<\/h1>\n\n\n\n<h2 class=\"wp-block-heading\">Doba lovu<\/h2>\n\n\n\n<p>Doba zah\u00e1jen\u00ed a ukon\u010den\u00ed rybolovu je stanovena od dubna do konce \u0159\u00edjna. Rybolov prob\u00edh\u00e1 24 hod denn\u011b, p\u0159esn\u00fd \u010das bude vyzna\u010den na povolence k lovu. P\u0159i koupi povolenky na v\u00edce dn\u016f, lze lovit bez p\u0159eru\u0161en\u00ed po celou dobu na ni\u017e je povolenka vystavena.<\/p>\n\n\n\n<h2 class=\"wp-block-heading\">Typy povolenek-pouze chy\u0165 a pus\u0165<\/h2>\n\n\n\n<div class=\"wp-block-group\"><div class=\"wp-block-group__inner-container is-layout-flow wp-block-group-is-layout-flow\">\n<div class=\"wp-block-group\"><div class=\"wp-block-group__inner-container is-layout-flow wp-block-group-is-layout-flow\">\n<div class=\"wp-block-group\"><div class=\"wp-block-group__inner-container is-layout-flow wp-block-group-is-layout-flow\">\n<div class=\"wp-block-columns is-layout-flex wp-container-core-columns-is-layout-9d6595d7 wp-block-columns-is-layout-flex\">\n<div class=\"wp-block-column is-layout-flow wp-block-column-is-layout-flow\" style=\"flex-basis:50%\">\n<p><strong>Denn\u00ed &nbsp;24 hodin (pond\u011bl\u00ed-\u010dtvrtek )<strong> 600,- K\u010d<\/strong><\/strong><\/p>\n\n\n\n<p><strong>Denn\u00ed 24 hodin (p\u00e1tek,sobota,ned\u011ble)<\/strong> <strong>700,- K\u010d<\/strong><\/p>\n<\/div>\n<\/div>\n<\/div><\/div>\n<\/div><\/div>\n<\/div><\/div>\n\n\n\n<p><strong>Lov\u00edc\u00ed je opr\u00e1vn\u011bn lovit na 2 pruty, pokud se nedohodne jinak<\/strong><\/p>\n\n\n\n<p><strong>P\u0159\u00edplatek za 1 prut &nbsp; &nbsp; &nbsp; &nbsp; &nbsp; &nbsp; &nbsp; &nbsp; &nbsp; &nbsp; &nbsp; &nbsp; &nbsp; &nbsp; &nbsp; &nbsp; &nbsp; &nbsp; &nbsp; &nbsp; &nbsp; &nbsp; &nbsp; &nbsp; &nbsp; &nbsp; &nbsp;150 K\u010d\/24 hod&nbsp;<\/strong><br><strong>P\u0159\u00edplatek za podlo\u017eku pod rybu &nbsp; &nbsp; &nbsp; &nbsp; &nbsp; &nbsp; &nbsp; &nbsp; &nbsp; &nbsp; &nbsp; &nbsp; &nbsp; &nbsp; &nbsp; &nbsp;&nbsp;50 K\u010d\/24 hod<\/strong><br><strong>P\u0159\u00edplatek za podb\u011br\u00e1k 80 cm &nbsp; &nbsp; &nbsp; &nbsp; &nbsp; &nbsp; &nbsp; &nbsp; &nbsp; &nbsp; &nbsp; &nbsp; &nbsp; &nbsp; &nbsp; &nbsp; &nbsp; &nbsp;  80 K\u010d\/24 hod<\/strong><\/p>\n\n\n\n<div class=\"wp-block-group\"><div class=\"wp-block-group__inner-container is-layout-constrained wp-block-group-is-layout-constrained\">\n<div class=\"wp-block-group\"><div class=\"wp-block-group__inner-container is-layout-constrained wp-block-group-is-layout-constrained\">\n<div class=\"wp-block-group is-nowrap is-layout-flex wp-container-core-group-is-layout-ad2f72ca wp-block-group-is-layout-flex\">\n<div class=\"wp-block-group\"><div class=\"wp-block-group__inner-container is-layout-constrained wp-block-group-is-layout-constrained\">\n<p class=\"has-text-align-left\"><strong>Chatka na m\u00edst\u011b \u010d.7 a \u010d.14 :                                       400 K\u010d\/24 hod  <\/strong><br>minim\u00e1ln\u011b 2 ryb\u00e1\u0159i s povolenkou<\/p>\n<\/div><\/div>\n<\/div>\n<\/div><\/div>\n<\/div><\/div>\n\n\n\n<p><strong>Chatka na m\u00edst\u011b \u010d. 5 :                                                250 K\u010d\/24<\/strong> <strong>hod<\/strong><\/p>\n\n\n\n<p><strong>Doprovod (1 osoba bezplatn\u011b),ka\u017ed\u00e1 dal\u0161\u00ed &nbsp;&nbsp; &nbsp; &nbsp;       150 K\u010d<\/strong><\/p>\n\n\n\n<h1 class=\"wp-block-heading\">Povolenky lze objednat u spr\u00e1vce rev\u00edru<br>tel. 604 50 30 60<\/h1>\n\n\n\n<h3 class=\"wp-block-heading\">Prostor p\u0159ehrady je soukrom\u00fdm pozemkem a je pod neust\u00e1l\u00fdm dozorem.<\/h3>\n\n\n\n<h2 class=\"wp-block-heading\">Ryb\u00e1\u0159sk\u00e9 n\u00e1\u0159ad\u00ed, zp\u016fsob lovu a n\u00e1strahy<\/h2>\n\n\n\n<p>D\u011bti do 15ti let sm\u00ed lovit pouze v doprovodu dosp\u011bl\u00e9 osoby (star\u0161\u00ed 18ti let). Lov\u00edc\u00ed je opr\u00e1vn\u011bn pou\u017e\u00edvat nejv\u00fd\u0161e dvou prut\u016f (udic), u ka\u017ed\u00e9ho nejv\u00fd\u0161e o jednom n\u00e1vazci s jednoh\u00e1\u010dkem . Mont\u00e1\u017e mus\u00ed b\u00fdt \u00fanikov\u00e1. Zakazuje se pou\u017e\u00edvat tzv. helikopt\u00e9ry, srka\u010dky apod. Povolen\u00e9 zp\u016fsoby lovu jsou na polo\u017eenou a plavanou. V\u0161echny ostatn\u00ed zp\u016fsoby lovu jsou zak\u00e1z\u00e1ny. Uloven\u00e9 ryby mus\u00ed b\u00fdt z vody vyloveny podb\u011br\u00e1kem odpov\u00eddaj\u00edc\u00ed velikosti minim\u00e1ln\u011b 80 cm p\u0159i rozev\u0159en\u00ed. V p\u0159\u00edpad\u011b, kdy se ryba do podb\u011br\u00e1ku nevejde, je lov\u00edc\u00ed povinen ji odh\u00e1\u010dkovat p\u0159\u00edmo ve vod\u011b. Je zak\u00e1z\u00e1no t\u00e1hnout rybu po zemi \u010di kamenech. Vyloven\u00e1 ryba mus\u00ed b\u00fdt polo\u017eena pouze na navlh\u010denou podlo\u017eku. H\u00e1\u010dky se pou\u017e\u00edvaj\u00ed pouze bez protihrotu-origin\u00e1l. Po uloven\u00ed se ryba nesm\u00ed uchov\u00e1vat ve vez\u00edrku nebo jin\u00e9m za\u0159\u00edzen\u00ed za \u00fa\u010delem focen\u00ed a zp\u011btn\u00e9ho vypou\u0161t\u011bn\u00ed do vody. Je zak\u00e1z\u00e1no pou\u017e\u00edvat vidli\u010dek z p\u0159\u00edrodn\u00edho materi\u00e1lu. Lov\u00edc\u00ed se nesm\u00ed vzd\u00e1lit od sv\u00fdch prut\u016f nebo pouze na dobu nezbytn\u011b nutnou. <strong>Lov ryb a jejich vnad\u011bn\u00ed sm\u00ed b\u00fdt prov\u00e1d\u011bno pouze za pomoci boilie, pelet nebo va\u0159en\u00e9ho artiklu. Je zak\u00e1z\u00e1no vnad\u011bn\u00ed obilovinami, lu\u0161t\u011bninami a jin\u00fdmi j\u00e1drov\u00fdmi krmivy v such\u00e9m stavu nebo pou\u017e\u00edvat krmiva plesniv\u00e1 \u010di kvas\u00edc\u00ed.<\/strong><\/p>\n\n\n\n<p><strong>Lov dravc\u016f nen\u00ed povolen.<\/strong><\/p>\n\n\n\n<p><strong>Ryb\u00e1\u0159 je povinen m\u00edt p\u0159i lovu<\/strong><\/p>\n\n\n\n<ul class=\"wp-block-list\">\n<li>vypro\u0161\u0165ova\u010d h\u00e1\u010dk\u016f (pe\u00e1n, ob\u00fastek, pinzetu, kl\u00ed\u0161\u0165ky, desinfekci)<\/li>\n\n\n\n<li>m\u00edru pro zji\u0161t\u011bn\u00ed d\u00e9lky uloven\u00fdch ryb<\/li>\n\n\n\n<li>podb\u011br\u00e1k min. 80 cm mezi rameny-mo\u017eno zap\u016fj\u010dit<\/li>\n\n\n\n<li><mark style=\"background-color:rgba(0, 0, 0, 0)\" class=\"has-inline-color has-vivid-red-color\">polstrovanou podlo\u017eku s bo\u010dnicemi nebo vani\u010dku (origin\u00e1l zakoupenou) mo\u017eno zap\u016fj\u010dit<\/mark><\/li>\n<\/ul>\n\n\n\n<p>Bez t\u00e9to v\u00fdbavy nebude rybolov povolen!!<\/p>\n\n\n\n<p>Ryb\u00e1\u0159sk\u00e1 str\u00e1\u017e a spr\u00e1vce rev\u00edru maj\u00ed pr\u00e1vo kontrolovat povolenky k lovu, pou\u017eit\u00e9 mont\u00e1\u017ee, n\u00e1vnady, pop\u0159\u00edpad\u011b p\u0159enosn\u00e9 vaky i zavazadlov\u00fd prostor auta.<\/p>\n\n\n\n<h2 class=\"wp-block-heading\">Chov\u00e1n\u00ed p\u0159i lovu<\/h2>\n\n\n\n<p>N\u00e1v\u0161t\u011bvu vodn\u00ed plochy za \u00fa\u010delem rybolovu si z\u00e1jemce p\u0159edem dohodne s obsluhou. Lov\u00edc\u00ed si m\u016f\u017ee po dohod\u011b s obsluhou vybrat stanovi\u0161t\u011b k lovu, p\u0159\u00edpadn\u011b mu m\u016f\u017ee b\u00fdt toto stanovi\u0161t\u011b p\u0159id\u011bleno. Lov\u00edc\u00ed mus\u00ed dodr\u017eovat mezi sebou vzd\u00e1lenost podle lovn\u00fdch m\u00edst, pokud se mezi sebou nedohodnou jinak.&nbsp; Pro pot\u0159ebu focen\u00ed a v\u00e1\u017een\u00ed ryby je dovoleno s rybou na podlo\u017ece manipulovat maxim\u00e1ln\u011b 5 minut a potom vr\u00e1tit zp\u011bt do vody.&nbsp;<strong>Focen\u00ed je povoleno pouze v pokleku na podlo\u017ece nebo ve vod\u011b.<\/strong>&nbsp;Rybu je nutn\u00e9 pol\u00e9vat vodou.<\/p>\n\n\n\n<p><strong>Nikdy se nefo\u0165te s rybou ve stoje,<\/strong>&nbsp;hroz\u00ed jej\u00ed vyklouznut\u00ed a nen\u00e1vratn\u00e9 po\u0161kozen\u00ed jej\u00edho zdrav\u00ed. D\u00e1le je stanoven&nbsp; z\u00e1kaz&nbsp; manipulace s pruty osob\u00e1m, kter\u00e9 nevlastn\u00ed zakoupenou povolenku k lovu. S povolenkou dostane ka\u017ed\u00fd ryb\u00e1\u0159 sum\u00e1\u0159 uloven\u00fdch ryb. Do sum\u00e1\u0159e zap\u00ed\u0161e ve\u0161ker\u00fd \u00falovek v\u010detn\u011b d\u00e9lky pop\u0159. v\u00e1hy ryby a po ukon\u010den\u00ed rybolovu vhod\u00ed do schr\u00e1nky na hr\u00e1zi p\u0159ehrady.<\/p>\n\n\n\n<h2 class=\"wp-block-heading\">Obecn\u00e9 z\u00e1sady chov\u00e1n\u00ed p\u0159i lovu<\/h2>\n\n\n\n<p>Lov\u00edc\u00ed je p\u0159i pobytu u vody povinen udr\u017eovat po\u0159\u00e1dek a maxim\u00e1ln\u011b \u0161etrn\u011b a ohledupln\u011b se chovat k&nbsp;p\u0159\u00edrod\u011b.Ryb\u00e1\u0159 i jeho doprovod nesm\u00ed sv\u00fdm chov\u00e1n\u00edm obt\u011b\u017eovat ostatn\u00ed,zejm\u00e9na po 22 hodin\u011b.Po ukon\u010den\u00ed rybolovu je chytaj\u00edc\u00ed povinen uklidit m\u00edsto rybolovu a okol\u00ed. Odpadky mus\u00ed b\u00fdt shrom\u00e1\u017ed\u011bny v\u017edy po celou dobu rybolovu v&nbsp;soudr\u017en\u00e9m obalu a dopraveny do obvykl\u00fdch odpadov\u00fdch n\u00e1dob s&nbsp;re\u017eimem svozu v&nbsp;obc\u00edch. Je zak\u00e1z\u00e1no na m\u00edst\u011b lovu \u010di p\u0159ilehl\u00fdch pozemc\u00edch ponech\u00e1vat cigaretov\u00e9 nedopalky a jin\u00e9 odpady. Toto ustanoven\u00ed je p\u0159edm\u011btem kontroly a jeho poru\u0161en\u00ed bude posuzov\u00e1no jako hrub\u00e9 poru\u0161en\u00ed ryb\u00e1\u0159sk\u00e9ho \u0159\u00e1du. Lze se \u0159\u00eddit dle z\u00e1kona \u010d. 200\/1990 Sb., o p\u0159estupc\u00edch. Tomu, kdo poru\u0161\u00ed ryb\u00e1\u0159sk\u00fd \u0159\u00e1d, nebo zvl\u00e1\u0161tn\u00ed pr\u00e1vn\u00ed p\u0159edpisy na \u00faseku ochrany \u017eivotn\u00edho prost\u0159ed\u00ed bude odebr\u00e1na povolenka k&nbsp;lovu ryb. V&nbsp;p\u0159\u00edpad\u011b opakovan\u00e9ho poru\u0161en\u00ed, mu ji\u017e tato povolenka k&nbsp;lovu nebude v&nbsp;budoucnu vystavena. Rybolov nelze prov\u00e1d\u011bt z&nbsp;m\u00edst, kter\u00e9 k&nbsp;tomu nejsou ur\u010deny. S&nbsp;loven\u00fdmi rybami je ryb\u00e1\u0159 povinen zach\u00e1zet \u0161etrn\u011b a dle ryb\u00e1\u0159sk\u00e9 etikety, zejm\u00e9na je nepo\u0161kozovat vl\u00e1\u010den\u00edm po b\u0159ehu, n\u00e1siln\u00fdm vypro\u0161\u0165ov\u00e1n\u00edm zaseknut\u00fdch h\u00e1\u010dk\u016f a tr\u00fdznit ponech\u00e1n\u00edm \u017eiv\u00fdch na suchu.&nbsp;<strong><mark style=\"background-color:rgba(0, 0, 0, 0)\" class=\"has-inline-color has-vivid-red-color\">Rozd\u011bl\u00e1v\u00e1n\u00ed ohn\u011b je povoleno pouze v komer\u010dn\u011b vyroben\u00fdch grilech a ohe\u0148 mus\u00ed b\u00fdt pod neust\u00e1l\u00fdm dohledem<\/mark><\/strong>. Majitel povolenky ru\u010d\u00ed za p\u0159\u00edpadn\u00e9 \u0161kody, vznikl\u00e9 jeho jedn\u00e1n\u00edm na stanovi\u0161ti, vodn\u00edm d\u00edle, na b\u0159ez\u00edch a souvisej\u00edc\u00edch za\u0159\u00edzen\u00edch, kter\u00e9 se zavazuje uhradit.<\/p>\n\n\n\n<p>\u017d\u00e1d\u00e1me tak\u00e9 o pou\u017e\u00edv\u00e1n\u00ed such\u00fdch z\u00e1chodk\u016f, kter\u00e9 jsou um\u00edst\u011bny pobl\u00ed\u017e chytaj\u00edc\u00edch, pop\u0159. vlastn\u00edch chemick\u00fdch z\u00e1chodk\u016f.<\/p>\n\n\n\n<p>P\u0159\u00edsn\u00fd z\u00e1kaz myt\u00ed a osobn\u00ed hygieny v&nbsp;p\u0159ehrad\u011b. Zejm\u00e9na je zak\u00e1z\u00e1no jak\u00e9koliv pou\u017eit\u00ed m\u00fddel, \u0161ampon\u016f&nbsp; a podobn\u00fdch prost\u0159edk\u016f.<\/p>\n\n\n\n<p>Sportovn\u00ed rybolov a pobyt na rev\u00edru P\u0159ehrada Sudom\u011b\u0159 je na vlastn\u00ed nebezpe\u010d\u00ed a zodpov\u011bdnost dr\u017eitele povolenky<\/p>\n\n\n\n<h2 class=\"wp-block-heading\">Ochrana p\u0159\u00edrody a \u017eivotn\u00edho prost\u0159ed\u00ed<\/h2>\n\n\n\n<p>Lov\u00edc\u00ed i n\u00e1v\u0161t\u011bvn\u00edci p\u0159ehrady jsou povinni respektovat platn\u00e9 pr\u00e1vn\u00ed p\u0159edpisy na ochranu p\u0159\u00edrody a \u017eivotn\u00edho prost\u0159ed\u00ed. Je zak\u00e1z\u00e1no zejm\u00e9na po\u0161kozovat d\u0159eviny, trhat \u010di jinak po\u0161kozovat chr\u00e1n\u011bn\u00e9 druhy rostlin nebo po\u0161kozovat jejich p\u0159irozen\u00e1 stanovi\u0161t\u011b. D\u00e1le chytat, usmrcovat, ru\u0161it, \u010di jinak po\u0161kozovat chr\u00e1n\u011bn\u00e9 druhy \u017eivo\u010dich\u016f, ve v\u0161ech jejich v\u00fdvojov\u00fdch st\u00e1di\u00edch, nebo po\u0161kozovat jejich p\u0159irozen\u00e9 biotopy. D\u00e1le je zak\u00e1z\u00e1no zne\u010di\u0161\u0165ovat povrchov\u00e9 \u010di podzemn\u00ed vody u\u017e\u00edv\u00e1n\u00edm l\u00e1tek z\u00e1vadn\u00fdch vod\u00e1m, myt\u00ed vozidel, pop\u0159. provozovat dal\u0161\u00ed \u010dinnosti maj\u00edc\u00ed negativn\u00ed vliv na kvalitu vod. Vznikl\u00e9 odpady je nep\u0159\u00edpustn\u00e9 ukl\u00e1dat ve voln\u00e9 p\u0159\u00edrod\u011b, nebo je zakop\u00e1vat v&nbsp;okol\u00ed. N\u00e1v\u0161t\u011bvn\u00edci jsou povinni db\u00e1t omezen\u00ed, z\u00e1sad \u010di instrukc\u00ed majitele a obsluhy p\u0159ehrady, t\u00fdkaj\u00edc\u00ed se lovu ryb, voln\u00e9ho pohybu v&nbsp;prostoru kolem p\u0159ehrady, ochrany p\u0159\u00edrody apod. Parkov\u00e1n\u00ed motorov\u00fdch vozidel je mo\u017en\u00e9 pouze na m\u00edst\u011b k&nbsp;tomu ur\u010den\u00e9m.<\/p>\n\n\n\n<h2 class=\"wp-block-heading\">Kontrola a dozor<\/h2>\n\n\n\n<p>Tuto \u010dinnost vykon\u00e1v\u00e1 \u0159\u00e1dn\u011b ustanoven\u00fd porybn\u00fd, pop\u0159\u00edpad\u011b ryb\u00e1\u0159sk\u00e1 str\u00e1\u017e a dal\u0161\u00ed str\u00e1\u017ee ustanoven\u00e9 dle zvl\u00e1\u0161tn\u00edch pr\u00e1vn\u00edch p\u0159edpis\u016f. M\u011bstsk\u00e1 a obecn\u00ed policie, Policie \u010cR, pop\u0159. ostatn\u00ed osoby pov\u011b\u0159en\u00e9 majitelem p\u0159ehrady, vlastn\u00edc\u00ed pot\u0159ebn\u00e9 doklady. Kontroluj\u00edc\u00ed osoby se mus\u00ed prok\u00e1zat slu\u017eebn\u00edm pr\u016fkazem, odznakem, \u010di p\u0159\u00edslu\u0161n\u00fdm pov\u011b\u0159en\u00edm majitele p\u0159ehrady. T\u011bmto je chytaj\u00edc\u00ed povinen umo\u017enit kontrolu po\u017eadovan\u00fdch doklad\u016f, ryb\u00e1\u0159sk\u00e9ho n\u00e1\u010din\u00ed a&nbsp; n\u00e1\u0159ad\u00ed. P\u0159i zji\u0161t\u011bn\u00ed p\u0159estupku proti tomuto ryb\u00e1\u0159sk\u00e9mu \u0159\u00e1du, \u010di obecn\u011b platn\u00fdm p\u0159edpis\u016fm (zejm\u00e9na o ochran\u011b \u017eivotn\u00edho prost\u0159ed\u00ed) jsou kontroln\u00ed org\u00e1ny a pov\u011b\u0159en\u00e9 osoby opr\u00e1vn\u011bny odebrat povolenku, pop\u0159. ulo\u017eit sankci dle platn\u00fdch pr\u00e1vn\u00edch p\u0159edpis\u016f. P\u0159i poru\u0161en\u00ed tohoto ryb\u00e1\u0159sk\u00e9ho \u0159\u00e1du jsou kontroln\u00ed org\u00e1n, nebo osoba pov\u011b\u0159en\u00e1 majitelem opr\u00e1vn\u011bny odebrat povolenku bez n\u00e1hrady.<\/p>\n\n\n\n<p><strong>Tento ryb\u00e1\u0159sk\u00fd \u0159\u00e1d je platn\u00fd od 25.4.2019 do odvol\u00e1n\u00ed. Lov\u00edc\u00ed se zavazuje k pln\u011bn\u00ed v\u00fd\u0161e uveden\u00fdch pravidel zakoupen\u00edm povolenky. Sum\u00e1\u0159 \u00falovk\u016f je nutn\u00e9 po ukon\u010den\u00ed rybolovu odevzdat pov\u011b\u0159en\u00e9 osob\u011b, nebo vlo\u017eit do schr\u00e1nky na hr\u00e1zi p\u0159ehrady. V p\u0159\u00edpad\u011b nedostupnosti \u010d\u00edsla uveden\u00e9ho pro prodej povolenek, nebo pro dopl\u0148uj\u00edc\u00ed informace volejte 603 432 631.<\/strong><\/p>\n","protected":false},"excerpt":{"rendered":"<p>k provozov\u00e1n\u00ed sportovn\u00edho rybolovu na VD Sudom\u011b\u0159 Doba lovu Doba zah\u00e1jen\u00ed a ukon\u010den\u00ed rybolovu je stanovena od dubna do konce \u0159\u00edjna. Rybolov prob\u00edh\u00e1 24 hod denn\u011b, p\u0159esn\u00fd \u010das bude vyzna\u010den na povolence k lovu. P\u0159i koupi povolenky na v\u00edce dn\u016f, lze lovit bez p\u0159eru\u0161en\u00ed po celou dobu na ni\u017e je povolenka vystavena. Typy povolenek-pouze chy\u0165 [&hellip;]<\/p>\n","protected":false},"author":1,"featured_media":0,"parent":0,"menu_order":0,"comment_status":"closed","ping_status":"closed","template":"","meta":{"footnotes":""},"class_list":["post-46","page","type-page","status-publish","hentry"],"yoast_head":"<!-- This site is optimized with the Yoast SEO plugin v27.5 - https:\/\/yoast.com\/product\/yoast-seo-wordpress\/ -->\n<title>Ryb\u00e1\u0159sk\u00fd \u0159\u00e1d\/cen\u00edk - Rybolov Sudom\u011b\u0159<\/title>\n<meta name=\"robots\" content=\"index, follow, max-snippet:-1, max-image-preview:large, max-video-preview:-1\" \/>\n<link rel=\"canonical\" href=\"https:\/\/rybolovsudomer.cz\/?page_id=46\" \/>\n<meta property=\"og:locale\" content=\"cs_CZ\" \/>\n<meta property=\"og:type\" content=\"article\" \/>\n<meta property=\"og:title\" content=\"Ryb\u00e1\u0159sk\u00fd \u0159\u00e1d\/cen\u00edk - Rybolov Sudom\u011b\u0159\" \/>\n<meta property=\"og:description\" content=\"k provozov\u00e1n\u00ed sportovn\u00edho rybolovu na VD Sudom\u011b\u0159 Doba lovu Doba zah\u00e1jen\u00ed a ukon\u010den\u00ed rybolovu je stanovena od dubna do konce \u0159\u00edjna. Rybolov prob\u00edh\u00e1 24 hod denn\u011b, p\u0159esn\u00fd \u010das bude vyzna\u010den na povolence k lovu. P\u0159i koupi povolenky na v\u00edce dn\u016f, lze lovit bez p\u0159eru\u0161en\u00ed po celou dobu na ni\u017e je povolenka vystavena. Typy povolenek-pouze chy\u0165 [&hellip;]\" \/>\n<meta property=\"og:url\" content=\"https:\/\/rybolovsudomer.cz\/?page_id=46\" \/>\n<meta property=\"og:site_name\" content=\"Rybolov Sudom\u011b\u0159\" \/>\n<meta property=\"article:modified_time\" content=\"2024-07-24T18:29:16+00:00\" \/>\n<meta name=\"twitter:card\" content=\"summary_large_image\" \/>\n<meta name=\"twitter:label1\" content=\"Odhadovan\u00e1 doba \u010dten\u00ed\" \/>\n\t<meta name=\"twitter:data1\" content=\"7 minut\" \/>\n<script type=\"application\/ld+json\" class=\"yoast-schema-graph\">{\"@context\":\"https:\\\/\\\/schema.org\",\"@graph\":[{\"@type\":\"WebPage\",\"@id\":\"https:\\\/\\\/rybolovsudomer.cz\\\/?page_id=46\",\"url\":\"https:\\\/\\\/rybolovsudomer.cz\\\/?page_id=46\",\"name\":\"Ryb\u00e1\u0159sk\u00fd \u0159\u00e1d\\\/cen\u00edk - Rybolov Sudom\u011b\u0159\",\"isPartOf\":{\"@id\":\"https:\\\/\\\/rybolovsudomer.cz\\\/#website\"},\"datePublished\":\"2019-06-16T16:48:35+00:00\",\"dateModified\":\"2024-07-24T18:29:16+00:00\",\"breadcrumb\":{\"@id\":\"https:\\\/\\\/rybolovsudomer.cz\\\/?page_id=46#breadcrumb\"},\"inLanguage\":\"cs\",\"potentialAction\":[{\"@type\":\"ReadAction\",\"target\":[\"https:\\\/\\\/rybolovsudomer.cz\\\/?page_id=46\"]}]},{\"@type\":\"BreadcrumbList\",\"@id\":\"https:\\\/\\\/rybolovsudomer.cz\\\/?page_id=46#breadcrumb\",\"itemListElement\":[{\"@type\":\"ListItem\",\"position\":1,\"name\":\"Home\",\"item\":\"https:\\\/\\\/rybolovsudomer.cz\\\/\"},{\"@type\":\"ListItem\",\"position\":2,\"name\":\"Ryb\u00e1\u0159sk\u00fd \u0159\u00e1d\\\/cen\u00edk\"}]},{\"@type\":\"WebSite\",\"@id\":\"https:\\\/\\\/rybolovsudomer.cz\\\/#website\",\"url\":\"https:\\\/\\\/rybolovsudomer.cz\\\/\",\"name\":\"Rybolov Sudom\u011b\u0159\",\"description\":\"\",\"publisher\":{\"@id\":\"https:\\\/\\\/rybolovsudomer.cz\\\/#organization\"},\"potentialAction\":[{\"@type\":\"SearchAction\",\"target\":{\"@type\":\"EntryPoint\",\"urlTemplate\":\"https:\\\/\\\/rybolovsudomer.cz\\\/?s={search_term_string}\"},\"query-input\":{\"@type\":\"PropertyValueSpecification\",\"valueRequired\":true,\"valueName\":\"search_term_string\"}}],\"inLanguage\":\"cs\"},{\"@type\":\"Organization\",\"@id\":\"https:\\\/\\\/rybolovsudomer.cz\\\/#organization\",\"name\":\"Rybolov Sudom\u011b\u0159\",\"url\":\"https:\\\/\\\/rybolovsudomer.cz\\\/\",\"logo\":{\"@type\":\"ImageObject\",\"inLanguage\":\"cs\",\"@id\":\"https:\\\/\\\/rybolovsudomer.cz\\\/#\\\/schema\\\/logo\\\/image\\\/\",\"url\":\"https:\\\/\\\/rybolovsudomer.cz\\\/wp-content\\\/uploads\\\/2019\\\/06\\\/cropped-Logo_2.png\",\"contentUrl\":\"https:\\\/\\\/rybolovsudomer.cz\\\/wp-content\\\/uploads\\\/2019\\\/06\\\/cropped-Logo_2.png\",\"width\":200,\"height\":182,\"caption\":\"Rybolov Sudom\u011b\u0159\"},\"image\":{\"@id\":\"https:\\\/\\\/rybolovsudomer.cz\\\/#\\\/schema\\\/logo\\\/image\\\/\"}}]}<\/script>\n<!-- \/ Yoast SEO plugin. -->","yoast_head_json":{"title":"Ryb\u00e1\u0159sk\u00fd \u0159\u00e1d\/cen\u00edk - Rybolov Sudom\u011b\u0159","robots":{"index":"index","follow":"follow","max-snippet":"max-snippet:-1","max-image-preview":"max-image-preview:large","max-video-preview":"max-video-preview:-1"},"canonical":"https:\/\/rybolovsudomer.cz\/?page_id=46","og_locale":"cs_CZ","og_type":"article","og_title":"Ryb\u00e1\u0159sk\u00fd \u0159\u00e1d\/cen\u00edk - Rybolov Sudom\u011b\u0159","og_description":"k provozov\u00e1n\u00ed sportovn\u00edho rybolovu na VD Sudom\u011b\u0159 Doba lovu Doba zah\u00e1jen\u00ed a ukon\u010den\u00ed rybolovu je stanovena od dubna do konce \u0159\u00edjna. Rybolov prob\u00edh\u00e1 24 hod denn\u011b, p\u0159esn\u00fd \u010das bude vyzna\u010den na povolence k lovu. P\u0159i koupi povolenky na v\u00edce dn\u016f, lze lovit bez p\u0159eru\u0161en\u00ed po celou dobu na ni\u017e je povolenka vystavena. Typy povolenek-pouze chy\u0165 [&hellip;]","og_url":"https:\/\/rybolovsudomer.cz\/?page_id=46","og_site_name":"Rybolov Sudom\u011b\u0159","article_modified_time":"2024-07-24T18:29:16+00:00","twitter_card":"summary_large_image","twitter_misc":{"Odhadovan\u00e1 doba \u010dten\u00ed":"7 minut"},"schema":{"@context":"https:\/\/schema.org","@graph":[{"@type":"WebPage","@id":"https:\/\/rybolovsudomer.cz\/?page_id=46","url":"https:\/\/rybolovsudomer.cz\/?page_id=46","name":"Ryb\u00e1\u0159sk\u00fd \u0159\u00e1d\/cen\u00edk - Rybolov Sudom\u011b\u0159","isPartOf":{"@id":"https:\/\/rybolovsudomer.cz\/#website"},"datePublished":"2019-06-16T16:48:35+00:00","dateModified":"2024-07-24T18:29:16+00:00","breadcrumb":{"@id":"https:\/\/rybolovsudomer.cz\/?page_id=46#breadcrumb"},"inLanguage":"cs","potentialAction":[{"@type":"ReadAction","target":["https:\/\/rybolovsudomer.cz\/?page_id=46"]}]},{"@type":"BreadcrumbList","@id":"https:\/\/rybolovsudomer.cz\/?page_id=46#breadcrumb","itemListElement":[{"@type":"ListItem","position":1,"name":"Home","item":"https:\/\/rybolovsudomer.cz\/"},{"@type":"ListItem","position":2,"name":"Ryb\u00e1\u0159sk\u00fd \u0159\u00e1d\/cen\u00edk"}]},{"@type":"WebSite","@id":"https:\/\/rybolovsudomer.cz\/#website","url":"https:\/\/rybolovsudomer.cz\/","name":"Rybolov Sudom\u011b\u0159","description":"","publisher":{"@id":"https:\/\/rybolovsudomer.cz\/#organization"},"potentialAction":[{"@type":"SearchAction","target":{"@type":"EntryPoint","urlTemplate":"https:\/\/rybolovsudomer.cz\/?s={search_term_string}"},"query-input":{"@type":"PropertyValueSpecification","valueRequired":true,"valueName":"search_term_string"}}],"inLanguage":"cs"},{"@type":"Organization","@id":"https:\/\/rybolovsudomer.cz\/#organization","name":"Rybolov Sudom\u011b\u0159","url":"https:\/\/rybolovsudomer.cz\/","logo":{"@type":"ImageObject","inLanguage":"cs","@id":"https:\/\/rybolovsudomer.cz\/#\/schema\/logo\/image\/","url":"https:\/\/rybolovsudomer.cz\/wp-content\/uploads\/2019\/06\/cropped-Logo_2.png","contentUrl":"https:\/\/rybolovsudomer.cz\/wp-content\/uploads\/2019\/06\/cropped-Logo_2.png","width":200,"height":182,"caption":"Rybolov Sudom\u011b\u0159"},"image":{"@id":"https:\/\/rybolovsudomer.cz\/#\/schema\/logo\/image\/"}}]}},"_links":{"self":[{"href":"https:\/\/rybolovsudomer.cz\/index.php?rest_route=\/wp\/v2\/pages\/46","targetHints":{"allow":["GET"]}}],"collection":[{"href":"https:\/\/rybolovsudomer.cz\/index.php?rest_route=\/wp\/v2\/pages"}],"about":[{"href":"https:\/\/rybolovsudomer.cz\/index.php?rest_route=\/wp\/v2\/types\/page"}],"author":[{"embeddable":true,"href":"https:\/\/rybolovsudomer.cz\/index.php?rest_route=\/wp\/v2\/users\/1"}],"replies":[{"embeddable":true,"href":"https:\/\/rybolovsudomer.cz\/index.php?rest_route=%2Fwp%2Fv2%2Fcomments&post=46"}],"version-history":[{"count":41,"href":"https:\/\/rybolovsudomer.cz\/index.php?rest_route=\/wp\/v2\/pages\/46\/revisions"}],"predecessor-version":[{"id":183,"href":"https:\/\/rybolovsudomer.cz\/index.php?rest_route=\/wp\/v2\/pages\/46\/revisions\/183"}],"wp:attachment":[{"href":"https:\/\/rybolovsudomer.cz\/index.php?rest_route=%2Fwp%2Fv2%2Fmedia&parent=46"}],"curies":[{"name":"wp","href":"https:\/\/api.w.org\/{rel}","templated":true}]}}